{"id":105,"date":"2011-12-26T12:03:57","date_gmt":"2011-12-26T12:03:57","guid":{"rendered":"http:\/\/www.wincorp.cz\/wincorp\/?page_id=105"},"modified":"2014-04-28T10:34:10","modified_gmt":"2014-04-28T10:34:10","slug":"rotacni-kompaktory-techval-valpak","status":"publish","type":"page","link":"https:\/\/www.wincorp.cz\/wincorp\/?page_id=105","title":{"rendered":"Rota\u010dn\u00ed kompaktory TECHVAL-VALPAK"},"content":{"rendered":"<p>Francouzsk\u00e1 firma <strong>TECHVAL<\/strong> vyr\u00e1b\u00ed rota\u010dn\u00ed kompaktory<strong> VALPAK<\/strong>, kter\u00e9 zhut\u0148uj\u00ed a drt\u00ed materi\u00e1l a mohou b\u00fdt um\u00edst\u011bny p\u0159\u00edmo na m\u00edst\u011b vzniku odpadu.<\/p>\n<p>Hlavn\u00ed p\u0159ednost\u00ed kompaktor\u016f <strong><\/strong> je jejich snadn\u00e1 obsluha a minim\u00e1ln\u00ed po\u017eadavek na prostor cca 3 m\u00b2 .<\/p>\n<p>&nbsp;<\/p>\n<p>Technick\u00e1 specifikace I\u00a0(<a href=\"http:\/\/www.wincorp.cz\/wincorp\/wp-content\/uploads\/2011\/12\/Techval-VALPAK-BIN-\u010cJ.pdf\" target=\"_blank\">soubor v PDF<\/a>)<\/p>\n<p>Technick\u00e1 specifikace II \u00a0(<a href=\"http:\/\/www.wincorp.cz\/wincorp\/wp-content\/uploads\/2011\/12\/Techval-VALPAK-\u010cJ.pdf\" target=\"_blank\">soubor v PDF<\/a>)<\/p>\n","protected":false},"excerpt":{"rendered":"<p>Francouzsk\u00e1 firma TECHVAL vyr\u00e1b\u00ed rota\u010dn\u00ed kompaktory VALPAK, kter\u00e9 zhut\u0148uj\u00ed a drt\u00ed materi\u00e1l a mohou b\u00fdt um\u00edst\u011bny p\u0159\u00edmo na m\u00edst\u011b vzniku odpadu. Hlavn\u00ed p\u0159ednost\u00ed kompaktor\u016f je jejich snadn\u00e1 [&hellip;]<\/p>\n","protected":false},"author":2,"featured_media":592,"parent":24,"menu_order":7,"comment_status":"open","ping_status":"closed","template":"produkt.php","meta":[],"_links":{"self":[{"href":"https:\/\/www.wincorp.cz\/wincorp\/index.php?rest_route=\/wp\/v2\/pages\/105"}],"collection":[{"href":"https:\/\/www.wincorp.cz\/wincorp\/index.php?rest_route=\/wp\/v2\/pages"}],"about":[{"href":"https:\/\/www.wincorp.cz\/wincorp\/index.php?rest_route=\/wp\/v2\/types\/page"}],"author":[{"embeddable":true,"href":"https:\/\/www.wincorp.cz\/wincorp\/index.php?rest_route=\/wp\/v2\/users\/2"}],"replies":[{"embeddable":true,"href":"https:\/\/www.wincorp.cz\/wincorp\/index.php?rest_route=%2Fwp%2Fv2%2Fcomments&post=105"}],"version-history":[{"count":12,"href":"https:\/\/www.wincorp.cz\/wincorp\/index.php?rest_route=\/wp\/v2\/pages\/105\/revisions"}],"predecessor-version":[{"id":591,"href":"https:\/\/www.wincorp.cz\/wincorp\/index.php?rest_route=\/wp\/v2\/pages\/105\/revisions\/591"}],"up":[{"embeddable":true,"href":"https:\/\/www.wincorp.cz\/wincorp\/index.php?rest_route=\/wp\/v2\/pages\/24"}],"wp:featuredmedia":[{"embeddable":true,"href":"https:\/\/www.wincorp.cz\/wincorp\/index.php?rest_route=\/wp\/v2\/media\/592"}],"wp:attachment":[{"href":"https:\/\/www.wincorp.cz\/wincorp\/index.php?rest_route=%2Fwp%2Fv2%2Fmedia&parent=105"}],"curies":[{"name":"wp","href":"https:\/\/api.w.org\/{rel}","templated":true}]}}