{"id":43,"date":"2011-12-26T11:34:40","date_gmt":"2011-12-26T11:34:40","guid":{"rendered":"http:\/\/www.wincorp.cz\/wincorp\/?page_id=43"},"modified":"2014-04-23T11:55:05","modified_gmt":"2014-04-23T11:55:05","slug":"o-firme","status":"publish","type":"page","link":"https:\/\/www.wincorp.cz\/wincorp\/?page_id=43","title":{"rendered":"O firm\u011b"},"content":{"rendered":"<p>Firma <strong>WINCORP s.r.o.<\/strong> byla zalo\u017eena v roce 1992. Obchodn\u00ed zam\u011b\u0159en\u00ed firmy sm\u011b\u0159ovalo p\u0159edev\u0161\u00edm do oblasti zem\u011bd\u011blstv\u00ed. Z tohoto d\u016fvodu do\u0161lo v roce 1994 k osamostatn\u011bn\u00ed zem\u011bd\u011blsk\u00e9 divize a byla zalo\u017eena firma WINCORP AGRI, spol. s r.o.<\/p>\n<p>&nbsp;<\/p>\n<p>Od roku 2001 se firma WINCORP s.r.o. zab\u00fdv\u00e1 technologiemi na zpracov\u00e1n\u00ed odpad\u016f, a to p\u0159edev\u0161\u00edm t\u0159\u00edd\u011bn\u00edm prim\u00e1rn\u011b separovan\u00e9ho a komun\u00e1ln\u00edho odpadu a zpracov\u00e1n\u00edm pneumatik. Ve spolupr\u00e1ci s v\u00fdrobn\u00edmi a projek\u010dn\u00edmi firmami se pod\u00edl\u00ed na n\u00e1vrhu t\u011bchto technologi\u00ed a dovozu jednotliv\u00fdch komponent\u016f \u010di kompletn\u00edch technologick\u00fdch celk\u016f ze zahrani\u010d\u00ed.<\/p>\n<p>&nbsp;<\/p>\n<p>V\u00a0sou\u010dasnosti firma zastupuje pro \u010ceskou republiku a\u00a0Slovenskou republiku tyto zahrani\u010dn\u00ed firmy:<\/p>\n<p>&nbsp;<\/p>\n<p><strong>VECOPLAN AG<\/strong>, N\u011bmecko \u2013 v\u00fdrobce drti\u010d\u016f a dodavatel kompletn\u00edch linek na zpracov\u00e1n\u00ed komun\u00e1ln\u00edho a \u017eivnostensk\u00e9ho odpadu, d\u0159evn\u00ed hmoty a biomasy.\u00a0(<a href=\"http:\/\/www.vecoplan.de\/\" target=\"_blank\">www.vecoplan.de<\/a>)<\/p>\n<p>&nbsp;<\/p>\n<p><strong>GASSNER RecTec Maschinenhandel<\/strong>, N\u011bmecko \u2013 v\u00fdrobce p\u0159\u00edjmov\u00e9ho stolu F\u00d6RDERMAT \u201eR\u201c &#8211; v\u00edce\u00fa\u010delov\u00e9ho za\u0159\u00edzen\u00ed k\u00a0pln\u011b automatizovan\u00e9mu d\u00e1vkov\u00e1n\u00ed surovin (plast, pap\u00edr, dom\u00e1c\u00ed odpad, komun\u00e1ln\u00ed a \u017eivnostensk\u00fd odpad, bioodpad, \u0161t\u011bpka a kompost) a separ\u00e1toru f\u00f3li\u00ed.<br \/>\n(<a href=\"http:\/\/www.gassner-rectec.de\/\" target=\"_blank\">www.gassner-rectec.de<\/a>)<\/p>\n<p>&nbsp;<\/p>\n<p><strong>SCHULZ\u00a0&amp; BERGER Luft- und Verfahrenstechnik GmbH<\/strong>, N\u011bmecko \u2013 v\u00fdrobce vzduchov\u00e9ho separ\u00e1toru f\u00f3li\u00ed\u00a0(<a href=\"http:\/\/www.schulz-berger-gmbh.de\/\" target=\"_blank\">www.schulz-berger-gmbh.de<\/a>)<\/p>\n<p>&nbsp;<\/p>\n<p><strong>Roither Maschinenbau GesmbH AUSTROPRESSEN<\/strong>, Rakousko &#8211; v\u00fdrobce vertik\u00e1ln\u00edch a horizont\u00e1ln\u00edch bal\u00edkovac\u00edch lis\u016f, poloautomatick\u00fdch a pln\u011b automatick\u00fdch kontinu\u00e1ln\u00edch lis\u016f a v\u00edcekomorov\u00fdch lis\u016f na zpracov\u00e1n\u00ed r\u016fzn\u00fdch druh\u016f materi\u00e1lu, jako pap\u00edr, karton, plasty, PET lahve, plechovky a sudy.\u00a0(<a href=\"http:\/\/www.austropressen.com\/\" target=\"_blank\">www.austropressen.com<\/a>)<\/p>\n<p>&nbsp;<\/p>\n<p><strong>UT-UMWELTTECHNIK M. Lechner GmbH<\/strong>, Rakousko \u2013 v\u00fdrobce \u0161nekov\u00fdch kompaktor\u016f na zpracov\u00e1n\u00ed v\u0161ech b\u011b\u017en\u00fdch odpad\u016f v\u010d. PET lahv\u00ed, polystyrenu, d\u0159eva, f\u00f3lii a v\u00edcevrstv\u00fdch a rozm\u011brn\u00fdch karton\u016f\u00a0(<a href=\"http:\/\/www.ut-umwelttechnik.at\/\" target=\"_blank\">www.ut-umwelttechnik.at<\/a>)<\/p>\n<p>&nbsp;<\/p>\n<p><strong>TECHVAL<\/strong>, Francie &#8211; v\u00fdrobce rota\u010dn\u00edch kompaktor\u016f na zpracov\u00e1n\u00ed karton\u016f a f\u00f3li\u00ed.\u00a0(<a href=\"http:\/\/www.techval.fr\" target=\"_blank\">www.techval.fr<\/a>)<\/p>\n<p>&nbsp;<\/p>\n<p><strong>Alchemik<\/strong>, Polsko &#8211; v\u00fdrobce hydraulick\u00fdch briketovac\u00edch lis\u016f na zpracov\u00e1n\u00ed briket ze \u0161t\u011bpky, pilin, sena, sl\u00e1my, pap\u00edru a dal\u0161\u00edho organick\u00e9ho materi\u00e1lu.\u00a0(<a href=\"http:\/\/www.brykieciarki.pl\/\" target=\"_blank\">www.brykieciarki.pl<\/a>)<\/p>\n<p>&nbsp;<\/p>\n<p>Firma<strong> WINCORP<\/strong> zaji\u0161\u0165uje rovn\u011b\u017e poradenskou \u010dinnost t\u00fdkaj\u00edc\u00ed se z\u00edsk\u00e1n\u00ed investi\u010dn\u00edch prost\u0159edk\u016f na realizaci projekt\u016f na zpracov\u00e1n\u00ed odpad\u016f (dotace z fond\u016f EU, atd.).<\/p>\n","protected":false},"excerpt":{"rendered":"<p>Firma WINCORP s.r.o. byla zalo\u017eena v roce 1992. Obchodn\u00ed zam\u011b\u0159en\u00ed firmy sm\u011b\u0159ovalo p\u0159edev\u0161\u00edm do oblasti zem\u011bd\u011blstv\u00ed. Z tohoto d\u016fvodu do\u0161lo v roce 1994 k osamostatn\u011bn\u00ed zem\u011bd\u011blsk\u00e9 divize [&hellip;]<\/p>\n","protected":false},"author":2,"featured_media":0,"parent":0,"menu_order":0,"comment_status":"open","ping_status":"closed","template":"","meta":[],"_links":{"self":[{"href":"https:\/\/www.wincorp.cz\/wincorp\/index.php?rest_route=\/wp\/v2\/pages\/43"}],"collection":[{"href":"https:\/\/www.wincorp.cz\/wincorp\/index.php?rest_route=\/wp\/v2\/pages"}],"about":[{"href":"https:\/\/www.wincorp.cz\/wincorp\/index.php?rest_route=\/wp\/v2\/types\/page"}],"author":[{"embeddable":true,"href":"https:\/\/www.wincorp.cz\/wincorp\/index.php?rest_route=\/wp\/v2\/users\/2"}],"replies":[{"embeddable":true,"href":"https:\/\/www.wincorp.cz\/wincorp\/index.php?rest_route=%2Fwp%2Fv2%2Fcomments&post=43"}],"version-history":[{"count":11,"href":"https:\/\/www.wincorp.cz\/wincorp\/index.php?rest_route=\/wp\/v2\/pages\/43\/revisions"}],"predecessor-version":[{"id":543,"href":"https:\/\/www.wincorp.cz\/wincorp\/index.php?rest_route=\/wp\/v2\/pages\/43\/revisions\/543"}],"wp:attachment":[{"href":"https:\/\/www.wincorp.cz\/wincorp\/index.php?rest_route=%2Fwp%2Fv2%2Fmedia&parent=43"}],"curies":[{"name":"wp","href":"https:\/\/api.w.org\/{rel}","templated":true}]}}