{"id":48,"date":"2011-12-26T11:38:53","date_gmt":"2011-12-26T11:38:53","guid":{"rendered":"http:\/\/www.wincorp.cz\/wincorp\/?page_id=48"},"modified":"2014-01-20T01:22:10","modified_gmt":"2014-01-20T01:22:10","slug":"servis","status":"publish","type":"page","link":"https:\/\/www.wincorp.cz\/wincorp\/?page_id=48","title":{"rendered":"Servis"},"content":{"rendered":"<p>Servis stroj\u016f po cel\u00e9m \u00fazem\u00ed \u010cesk\u00e9 republiky prov\u00e1d\u011bj\u00ed vy\u0161kolen\u00ed servisn\u00ed technici m\u00edstn\u011b p\u0159\u00edslu\u0161n\u00e9ho servisn\u00edho st\u0159ediska.<\/p>\n","protected":false},"excerpt":{"rendered":"<p>Servis stroj\u016f po cel\u00e9m \u00fazem\u00ed \u010cesk\u00e9 republiky prov\u00e1d\u011bj\u00ed vy\u0161kolen\u00ed servisn\u00ed technici m\u00edstn\u011b p\u0159\u00edslu\u0161n\u00e9ho servisn\u00edho st\u0159ediska.<\/p>\n","protected":false},"author":2,"featured_media":0,"parent":0,"menu_order":0,"comment_status":"open","ping_status":"closed","template":"","meta":[],"_links":{"self":[{"href":"https:\/\/www.wincorp.cz\/wincorp\/index.php?rest_route=\/wp\/v2\/pages\/48"}],"collection":[{"href":"https:\/\/www.wincorp.cz\/wincorp\/index.php?rest_route=\/wp\/v2\/pages"}],"about":[{"href":"https:\/\/www.wincorp.cz\/wincorp\/index.php?rest_route=\/wp\/v2\/types\/page"}],"author":[{"embeddable":true,"href":"https:\/\/www.wincorp.cz\/wincorp\/index.php?rest_route=\/wp\/v2\/users\/2"}],"replies":[{"embeddable":true,"href":"https:\/\/www.wincorp.cz\/wincorp\/index.php?rest_route=%2Fwp%2Fv2%2Fcomments&post=48"}],"version-history":[{"count":7,"href":"https:\/\/www.wincorp.cz\/wincorp\/index.php?rest_route=\/wp\/v2\/pages\/48\/revisions"}],"predecessor-version":[{"id":387,"href":"https:\/\/www.wincorp.cz\/wincorp\/index.php?rest_route=\/wp\/v2\/pages\/48\/revisions\/387"}],"wp:attachment":[{"href":"https:\/\/www.wincorp.cz\/wincorp\/index.php?rest_route=%2Fwp%2Fv2%2Fmedia&parent=48"}],"curies":[{"name":"wp","href":"https:\/\/api.w.org\/{rel}","templated":true}]}}