{"id":74,"date":"2011-12-26T11:48:43","date_gmt":"2011-12-26T11:48:43","guid":{"rendered":"http:\/\/www.wincorp.cz\/wincorp\/?page_id=74"},"modified":"2014-04-28T07:57:08","modified_gmt":"2014-04-28T07:57:08","slug":"drtice-vecoplan","status":"publish","type":"page","link":"https:\/\/www.wincorp.cz\/wincorp\/?page_id=74","title":{"rendered":"Drti\u010de VECOPLAN"},"content":{"rendered":"\n<p>Drti\u010de firmy VECOPLAN slou\u017e\u00ed ke zpracov\u00e1n\u00ed komun\u00e1ln\u00edho, pr\u016fmyslov\u00e9ho, \u017eivnostensk\u00e9ho odpadu, nosi\u010d\u016f dat, plast\u016f, d\u0159eva, pap\u00edru, textilu, pneumatik, atd.<\/p>\n<p style=\"text-align: justify;\">Drti\u010de jsou dostupn\u00e9 v n\u011bkolika modelov\u00fdch \u0159ad\u00e1ch s rozd\u00edlnou hodinovou kapacitou. Pomalob\u011b\u017en\u00e9 drti\u010de jsou dostupn\u00e9 v jednoh\u0159\u00eddelov\u00e9 nebo dvouh\u0159\u00eddelov\u00e9 variant\u011b.<\/p>\n<ul>\n<li><span style=\"text-decoration: underline;\"><a title=\"Jednoh\u0159\u00eddelov\u00e9 drti\u010de VECOPLAN\" href=\"http:\/\/www.wincorp.cz\/wincorp\/?page_id=411\">jednoh\u0159\u00eddelov\u00e9 drti\u010de VECOPLAN<\/a><\/span><\/li>\n<li><span style=\"text-decoration: underline;\"><a title=\"Dvouh\u0159\u00eddelov\u00e9 drti\u010de VECOPLAN\" href=\"http:\/\/www.wincorp.cz\/wincorp\/?page_id=413\">dvouh\u0159\u00eddelov\u00e9 drti\u010de<\/a><\/span><a title=\"Dvouh\u0159\u00eddelov\u00e9 drti\u010de VECOPLAN\" href=\"http:\/\/www.wincorp.cz\/wincorp\/?page_id=413\"> VE<\/a><a title=\"Dvouh\u0159\u00eddelov\u00e9 drti\u010de VECOPLAN\" href=\"http:\/\/www.wincorp.cz\/wincorp\/?page_id=413\">COPLAN<\/a><\/li>\n<\/ul>\n","protected":false},"excerpt":{"rendered":"<p>Drti\u010de firmy VECOPLAN slou\u017e\u00ed ke zpracov\u00e1n\u00ed komun\u00e1ln\u00edho, pr\u016fmyslov\u00e9ho, \u017eivnostensk\u00e9ho odpadu, nosi\u010d\u016f dat, plast\u016f, d\u0159eva, pap\u00edru, textilu, pneumatik, atd. Drti\u010de jsou dostupn\u00e9 v n\u011bkolika modelov\u00fdch \u0159ad\u00e1ch s rozd\u00edlnou [&hellip;]<\/p>\n","protected":false},"author":2,"featured_media":209,"parent":24,"menu_order":1,"comment_status":"open","ping_status":"closed","template":"produkt.php","meta":[],"_links":{"self":[{"href":"https:\/\/www.wincorp.cz\/wincorp\/index.php?rest_route=\/wp\/v2\/pages\/74"}],"collection":[{"href":"https:\/\/www.wincorp.cz\/wincorp\/index.php?rest_route=\/wp\/v2\/pages"}],"about":[{"href":"https:\/\/www.wincorp.cz\/wincorp\/index.php?rest_route=\/wp\/v2\/types\/page"}],"author":[{"embeddable":true,"href":"https:\/\/www.wincorp.cz\/wincorp\/index.php?rest_route=\/wp\/v2\/users\/2"}],"replies":[{"embeddable":true,"href":"https:\/\/www.wincorp.cz\/wincorp\/index.php?rest_route=%2Fwp%2Fv2%2Fcomments&post=74"}],"version-history":[{"count":47,"href":"https:\/\/www.wincorp.cz\/wincorp\/index.php?rest_route=\/wp\/v2\/pages\/74\/revisions"}],"predecessor-version":[{"id":551,"href":"https:\/\/www.wincorp.cz\/wincorp\/index.php?rest_route=\/wp\/v2\/pages\/74\/revisions\/551"}],"up":[{"embeddable":true,"href":"https:\/\/www.wincorp.cz\/wincorp\/index.php?rest_route=\/wp\/v2\/pages\/24"}],"wp:featuredmedia":[{"embeddable":true,"href":"https:\/\/www.wincorp.cz\/wincorp\/index.php?rest_route=\/wp\/v2\/media\/209"}],"wp:attachment":[{"href":"https:\/\/www.wincorp.cz\/wincorp\/index.php?rest_route=%2Fwp%2Fv2%2Fmedia&parent=74"}],"curies":[{"name":"wp","href":"https:\/\/api.w.org\/{rel}","templated":true}]}}